{"id":28524,"date":"2025-05-11T00:49:29","date_gmt":"2025-05-10T22:49:29","guid":{"rendered":"https:\/\/suittoeyewear.com\/modelo\/aga\/"},"modified":"2025-05-25T09:35:39","modified_gmt":"2025-05-25T07:35:39","slug":"aga","status":"publish","type":"product","link":"https:\/\/suittoeyewear.com\/ca\/model\/aga\/","title":{"rendered":"AGA"},"content":{"rendered":"<p>Astr\u00f2noma i fil\u00f2sofa grega del segle II aC o del segle I aC. Considerada una de les primeres dones astr\u00f2nomes, estava familiaritzada amb els per\u00edodes d&#8217;eclipsis lunars, coneixent el moment en qu\u00e8 la lluna havia de ser superada per l&#8217;ombra de la terra, feia creure que ella era la que dirigia la lluna. La civilitzaci\u00f3 hel\u00b7l\u00e8nica era molt patriarcal, la dona tenia un paper secundari, no tenia ciutadania, per tant, no podia participar a la vida pol\u00edtica i dependia sempre d&#8217;un tutor. Era educada exclusivament per al matrimoni i desenvolupava la vida al gineceu, que era la part de la casa exclusiva per dones. En un context tan misogen, que una dona igual\u00e9s o super\u00e9s el coneixement d&#8217;un home nom\u00e9s s&#8217;explicava per la bruixeria. Com a homenatge, Venus t\u00e9 un cr\u00e0ter a nom seu.     <\/p>\n","protected":false},"excerpt":{"rendered":"<p>Astr\u00f2noma i fil\u00f2sofa grega del segle II aC o del segle I aC. Considerada una de les primeres dones astr\u00f2nomes, estava familiaritzada amb els per\u00edodes d&#8217;eclipsis lunars, coneixent el moment en qu\u00e8 la lluna havia de ser superada per l&#8217;ombra de la terra, feia creure que ella era la que dirigia la lluna. La civilitzaci\u00f3 [&hellip;]<\/p>\n","protected":false},"featured_media":23002,"template":"","meta":{"_acf_changed":false},"product_brand":[],"product_cat":[339,338],"product_tag":[341],"class_list":{"0":"post-28524","1":"product","2":"type-product","3":"status-publish","4":"has-post-thumbnail","6":"product_cat-tested-on-faces-ca","7":"product_cat-tested-on-faces-dona","8":"product_tag-vista-ca-2","9":"pa_tonalidad-de-color-01-ca","10":"pa_tonalidad-de-color-23-ca","11":"pa_tonalidad-de-color-64-ca","12":"pa_tonalidad-de-color-89-ca","14":"first","15":"instock","16":"purchasable","17":"product-type-variable"},"acf":[],"_links":{"self":[{"href":"https:\/\/suittoeyewear.com\/ca\/wp-json\/wp\/v2\/product\/28524","targetHints":{"allow":["GET"]}}],"collection":[{"href":"https:\/\/suittoeyewear.com\/ca\/wp-json\/wp\/v2\/product"}],"about":[{"href":"https:\/\/suittoeyewear.com\/ca\/wp-json\/wp\/v2\/types\/product"}],"wp:featuredmedia":[{"embeddable":true,"href":"https:\/\/suittoeyewear.com\/ca\/wp-json\/wp\/v2\/media\/23002"}],"wp:attachment":[{"href":"https:\/\/suittoeyewear.com\/ca\/wp-json\/wp\/v2\/media?parent=28524"}],"wp:term":[{"taxonomy":"product_brand","embeddable":true,"href":"https:\/\/suittoeyewear.com\/ca\/wp-json\/wp\/v2\/product_brand?post=28524"},{"taxonomy":"product_cat","embeddable":true,"href":"https:\/\/suittoeyewear.com\/ca\/wp-json\/wp\/v2\/product_cat?post=28524"},{"taxonomy":"product_tag","embeddable":true,"href":"https:\/\/suittoeyewear.com\/ca\/wp-json\/wp\/v2\/product_tag?post=28524"}],"curies":[{"name":"wp","href":"https:\/\/api.w.org\/{rel}","templated":true}]}}

<p>Astrònoma i filòsofa grega del segle II aC o del segle I aC. Considerada una de les primeres dones astrònomes, estava familiaritzada amb els períodes d&#8217;eclipsis lunars, coneixent el moment en què la lluna havia de ser superada per l&#8217;ombra de la terra, feia creure que ella era la que dirigia la lluna. La civilització hel·lènica era molt patriarcal, la dona tenia un paper secundari, no tenia ciutadania, per tant, no podia participar a la vida política i dependia sempre d&#8217;un tutor. Era educada exclusivament per al matrimoni i desenvolupava la vida al gineceu, que era la part de la casa exclusiva per dones. En un context tan misogen, que una dona igualés o superés el coneixement d&#8217;un home només s&#8217;explicava per la bruixeria. Com a homenatge, Venus té un cràter a nom seu.     </p>

<p>Astrònoma i filòsofa grega del segle II aC o del segle I aC. Considerada una de les primeres dones astrònomes, estava familiaritzada amb els períodes d&#8217;eclipsis lunars, coneixent el moment en què la lluna havia de ser superada per l&#8217;ombra de la terra, feia creure que ella era la que dirigia la lluna. La civilització [&hellip;]</p>
